when t is divided by 105.
34
Let u = 86 - 33. Suppose -49*l + 2366 + 4942 = 14*l. What is the remainder when l is divided by u?
10
Let u = -84 + 147. Suppose 3*m + 3 - u = 0. Suppose 2*k - 6*k + 76 = h, -m = 5*h. Calculate the remainder when k is divided by 6.
2
Suppose 35*f = 25*f + 10. Calculate the remainder when 40/(f - -4) + 2 is divided by 9.
1
Suppose -3*p + 804 = 3*z, -3*p - 9*z + 4*z = -804. Suppose -i + 8 = 2*a - p, 0 = 4*i. What is the remainder when a is divided by 33?
6
Suppose 226*l - 35539 - 14407 = 0. Calculate the remainder when 461 is divided by l.
19
Let g = 140 - 125. Suppose 4*f - 4*b - 13 = g, -b + 29 = 3*f. What is the remainder when 152 is divided by f?
8
Suppose -3*c - 8 = -2*l - 55, -5*l + 27 = c. Suppose 12*w = c*w - 340. What is the remainder when w is divided by 23?
22
Suppose 2*p + 24*b + 132 = 5*p, -p - 3*b = -55. What is the remainder when 1224 is divided by p?
28
Let k be -60*((-310)/6)/5. Suppose 8*j = 3*j - 30. What is the remainder when 45 is divided by (-2)/(-7) + k/35 + j?
9
Suppose -60*k = -62*k + 176. Let y(o) = -o**3 - 7*o**2 - 9*o - 5. Suppose -3*g + 18 = -6*g. What is the remainder when k is divided by y(g)?
10
Let z = -611 + 613. Suppose 5*k + z*v + 0*v = 103, 0 = -4*k + 2*v + 86. Calculate the remainder when 60 is divided by k.
18
Let t(h) = -h**3 + 51*h**2 - 265*h + 109. What is the remainder when t(45) is divided by 325?
9
Let y(j) = -27*j + 34. Let r be y(1). What is the remainder when 4848/84 + ((-5)/r - -1) is divided by 33?
25
Suppose 29 - 11 = 3*l, -268 = -4*p - 2*l. What is the remainder when 246 is divided by p?
54
Suppose 5*f = 5*h + 4*f - 661, -2*h = f - 263. Suppose -h = -3*w + 4*m, -m = -5*w - 6*m + 220. Calculate the remainder when 122 is divided by w.
34
Let j(f) = f**3 - 11*f**2 + f - 21. Let a be j(11). Let k(g) = g**3 + 12*g**2 + 6*g - 62. What is the remainder when k(a) is divided by 42?
36
Let a = 47 - 69. Let s = -19 - a. Suppose 0 = -n + h + 146, s*n - 301 = n - h. What is the remainder when n is divided by 38?
35
What is the remainder when 225 is divided by 8/(-3) + (-15910)/(-645)?
5
Calculate the remainder when 24852 is divided by (6/8 - 0)/(2346/747592).
235
Let p(h) = -2*h**3 - 29*h**2 - 16*h - 6. Let r be p(-14). Suppose 2*b - r = -3*d + 6, 2*d = 3*b + 36. What is the remainder when 215 is divided by d?
11
Let h(j) be the third derivative of 23*j**4/24 + 5*j**3/3 - 8*j**2. Let m be h(7). Let t = m - 41. Calculate the remainder when t is divided by 33.
31
Let j(b) = -6*b + 74. Let a be j(7). Calculate the remainder when 3856/a + (-1)/(-2) is divided by 102.
19
Suppose -5*i = 5*q - 3010, -3*q = 6*i - 2*i - 1802. Suppose 0 = -13*g - 99 + q. Calculate the remainder when 88 is divided by g.
10
Let z = -258 + 502. Let j = -436 + 471. What is the remainder when z is divided by j?
34
Let c be (-1)/(-3) - (-2)/(-6). Suppose c = 2*d + 3*d + h - 140, -5*h - 170 = -5*d. What is the remainder when d is divided by 9?
2
Suppose 0 = -5*q + 27 + 83. Calculate the remainder when (1 + 23/(-3))*(-27234)/3026 is divided by q.
16
Let d be (3/12*1)/(10/80). Let l(g) = 9*g**3 - 3*g**2 + 3*g + 1. What is the remainder when l(d) is divided by 31?
5
Let f(t) = 58*t + 101. Let u be f(-4). Let p = u + 144. Calculate the remainder when 37 is divided by p.
11
Let v be (-12)/(-2 - 2) + 35. Let x = v + -25. Suppose -11*m - 328 = -52*m. What is the remainder when x is divided by m?
5
Let x(r) = 47*r + 586. Let k(q) = q**2 - 9*q + 7. Let o be k(6). Let c = o - -74. What is the remainder when c is divided by x(-12)?
19
Let y(q) = -13*q + 0*q**2 + 20 + 22 - 3*q**2 - 25 + q**3 - 19. Calculate the remainder when y(7) is divided by 65.
38
Let y(d) = -20*d + 9. Suppose 61 = 2*n + 4*k + 23, -38 = -2*n + 3*k. What is the remainder when y(-4) is divided by n?
13
Suppose 3*r = -5*p + 1391, -35*p - 2*r = -31*p - 1114. What is the remainder when p is divided by 31?
1
Let v(f) = 3*f**3 - 158*f**2 - 558*f - 93. Let h = -19 - -68. Calculate the remainder when h is divided by v(56).
11
Let v = 1 - -19. What is the remainder when v is divided by -4 - (-7 - (-16)/(-4)) - -4?
9
Let t(h) = 2*h**2 - 8*h + 5. Let q = 58 - -80. Let v = -82 + q. What is the remainder when v is divided by t(6)?
27
Suppose -46*u + 1527 + 47 = -634. What is the remainder when 295 is divided by u?
7
Let j(r) = r**2 - 13*r - 28. Let n = 3215 - 1957. What is the remainder when n is divided by j(-3)?
18
Suppose -887 = -5*h - 62. Suppose 2*w = 97 - 27. What is the remainder when 64 + (h/35 - (-6)/21) is divided by w?
34
Let x be 3/6 + 195/2. Suppose -m - 140 = -5*c - 3*m, -3*c - 4*m + x = 0. Let s(a) = -a + 10. Calculate the remainder when c is divided by s(0).
6
What is the remainder when 888 is divided by 42/((-1)/(-5 - -2)*6/4)?
48
Let l(p) = 4*p**2 + 101*p - 144. Calculate the remainder when 131 is divided by l(-27).
41
Suppose 2*c + 36 = 8*c. Suppose -k - 16 = -2*q, 0 = 3*q - 18 + 3. What is the remainder when 1 - 5 - 156/k is divided by c?
4
Let b = 18280 + -18233. Calculate the remainder when b is divided by 35.
12
Let d be (-8)/20 - (-10)/25. Suppose 0 = -3*j + 2*y - 176 + 526, d = -2*j - 5*y + 246. Calculate the remainder when j is divided by 44.
30
Let l = 257 + -162. Let b = 96 - l. Let q(n) = 68*n + 4. Calculate the remainder when q(b) is divided by 38.
34
Let v(a) = -a**2 - 9*a + 6. Let t be v(-10). Let m(x) = x + 7 + 3*x - 24*x**2 + 25*x**2 - 2*x. What is the remainder when 58 is divided by m(t)?
13
Let m(y) = 10*y**2 - 278*y + 556. Calculate the remainder when 2048 is divided by m(2).
8
Suppose 2*i - 4 = -3*c, 3*i - 6*i = 4*c - 6. Suppose 33 = i*s - 15. Calculate the remainder when 66 is divided by s.
18
Let d(j) = -j - 1. Let c be d(-5). Suppose -2*g = 2*u - 10, -c*u + 2*g + 40 = -u. Calculate the remainder when ((-69)/(-12) - 0)/((-54)/(-648)) is divided by u.
9
Let j be (28/(-35))/(6/(-315)). Suppose i - 9 = 2*k, 5*k + 18 = 5*i - j. What is the remainder when (-162)/(-3) - (-2 - 0) is divided by i?
11
Let w = -2122 - -2128. Calculate the remainder when 283 is divided by w.
1
Let v(h) = 24*h**3 - 2*h**2 + 247*h - 495. Calculate the remainder when 206 is divided by v(2).
23
Let u(f) = 28*f - 93. Suppose 0 = 6*x - 4*x - 28. What is the remainder when u(5) is divided by x?
5
Let s(v) = 4*v + 63. What is the remainder when ((-39)/6)/(1/(-20)) is divided by s(-11)?
16
Calculate the remainder when -5 - (1034/55)/((-4)/80) is divided by 19.
10
Let y = 1906 + -1775. Let v(t) = -3*t**3 - 2*t - 2*t**3 + 4*t**3. Calculate the remainder when y is divided by v(-3).
32
Let o(s) = 4*s - 27 - 3*s - 5*s - 2*s. Let j be o(-5). What is the remainder when (-1)/j + (-580)/(-30) is divided by 5?
4
Let w(z) = -z**3 - 5*z**2 - 2*z. Let i be w(-7). Suppose b - i = 143. Calculate the remainder when b is divided by 32.
31
Suppose 43*m - 42*m - 381 = 0. Calculate the remainder when m is divided by 56.
45
Suppose -6*m = -m. Let j(l) = -5*l**3 + 7*l**2 + 47. Let w(c) = -c**3 + c**2 - 1. Let p(a) = j(a) - 6*w(a). Calculate the remainder when p(m) is divided by 6.
5
Let z(i) = -2*i**2 + 11*i + 6. Let r be z(6). Suppose r = -8*d + 811 + 1053. Calculate the remainder when d is divided by 18.
17
Suppose -62*l = -103*l + 116 + 1114. What is the remainder when 132 is divided by l?
12
Suppose 2*k - 1611 = 11*k - 8343. What is the remainder when k is divided by 30?
28
Suppose -2*m + 2*q + 14 = 0, -4*m + 2*q + 38 = 10. Let c(o) = o**2 + 10*o - 108. Calculate the remainder when 29 is divided by c(m).
7
Let c(j) = j**3 + 96*j**2 + 1766*j - 20. Calculate the remainder when c(-71) is divided by 202.
13
Suppose -29*z - 23*z - 13*z = -10205. Calculate the remainder when z is divided by 72.
13
Suppose -q = -4*w + 8, -17 + 0 = 3*q - 5*w. Let d(c) = -3*c - 3. Calculate the remainder when d(q) is divided by 9.
0
Let v(i) = -99*i**2 + 2184*i - 32. What is the remainder when 14099 is divided by v(22)?
99
Let z be (-8)/48*-866*3. Let g = -151 + z. What is the remainder when g is divided by 16?
10
Let d(k) = k**2 + 17*k + 14. Let s be d(-16). Let f(u) = -u**3 + 2*u**2 + 4*u + 2. Suppose -5*w + 2 = -4*w. What is the remainder when f(s) is divided by w?
0
What is the remainder when 211 is divided by (19/(-38))/((-6)/2424)?
9
Let q = 333 + -293. Let k = 43 - 39. Suppose 5*r - 4*z - q - 67